15 = 0, -4*l + 200 = -0*l + 4*r. What is the remainder when l is divided by 19?
17
Suppose 2*d + 18 = -2*a, d = -5*a - 3 + 10. Let c be 1 - 0 - -25 - -1. Let q = c + d. What is the remainder when 26 is divided by q?
12
Let t(c) be the second derivative of c**5/10 + c**4/12 - 3*c**2 + 2*c. What is the remainder when t(3) is divided by 15?
12
Let z = -8 + 6. What is the remainder when z/7 + 3972/84 is divided by 24?
23
Suppose 4*j = -2 - 10. Let k be (-2)/(6/(-117)*j). What is the remainder when (-5 + 1)*k/4 is divided by 7?
6
Suppose -5*v - 521 = -3*v + 5*w, -5*v - 1245 = w. What is the remainder when 51 is divided by (-36)/(-126) - v/14?
15
Let p(c) = c + 2. What is the remainder when 36 is divided by p(6)?
4
Suppose 0 = -5*f - 26 - 4. Let b = f - -27. Calculate the remainder when b is divided by (22/3)/(6/9).
10
Suppose -2*m + 12 + 0 = 0. What is the remainder when 15 is divided by m?
3
Let w(u) = -10*u**2 - u - 1. Let j be w(-1). What is the remainder when 4/j + 774/10 is divided by 26?
25
Suppose -4*s = -2 - 2, -5*f = 3*s - 93. Let m = -8 + f. Calculate the remainder when 18 is divided by m.
8
Let z = -90 + 96. Calculate the remainder when z is divided by 4.
2
Suppose 31 = 3*o + 4*l, l = 3*o - 0*l - 11. Suppose -2*z - 20 - 66 = -5*j, -z = o*j - 77. Let m = j - 3. What is the remainder when m is divided by 7?
6
Let l(q) be the third derivative of 0*q + 2*q**2 + 0 + 0*q**3 + 1/8*q**4. What is the remainder when 16 is divided by l(2)?
4
Let y = 3 - -3. Let j be -2*(39/y - 0). Let h = j + 39. What is the remainder when h is divided by 9?
8
What is the remainder when 57 is divided by -3 - -2*(-69)/(-6)?
17
Let n = -87 + 91. Calculate the remainder when 7 is divided by n.
3
Let d = 5 - 15. Let m = d - -29. Calculate the remainder when m is divided by 11.
8
Let i(k) be the third derivative of -k**6/120 - 7*k**5/60 + 7*k**4/24 + k**3/6 - 3*k**2. Calculate the remainder when i(-8) is divided by 3.
0
Suppose -112 = -5*d - 2*d. Calculate the remainder when d is divided by 9.
7
Let d = -7 - -12. Suppose -d*w + 3*a + 132 = -30, -w + 4*a + 29 = 0. What is the remainder when w is divided by 12?
9
Let c(x) = 2*x**2 - 3. Let u be c(3). What is the remainder when 4/(-30) - (-437)/u is divided by 10?
9
Let m be ((-15)/2)/(2/(-44)). Suppose 2*z = -10, -m = 2*u + 2*u + z. What is the remainder when u/(-6) - (-5)/15 is divided by 4?
3
Let i be (-76)/(-5) + (-5)/25. Suppose -3*b - 2*b = -5*w, -4*b - w = -i. Calculate the remainder when 5 is divided by b.
2
What is the remainder when 98 is divided by (48/(-9) + 4)*(-15)/2?
8
Let t(v) = v**3 - 3*v**2 - 6*v - 5. Let n(x) = -10*x - 1. Let g be n(-3). Let z = 37 - g. Calculate the remainder when t(5) is divided by z.
7
Suppose 0 = -4*g + 2*g + 52. Calculate the remainder when 33*(-2)/(12/(-14)) is divided by g.
25
Suppose -3*j + z - 42 = 0, 0*j - 32 = 2*j - 2*z. Let s = j - -25. What is the remainder when 21 is divided by s?
9
Let r(v) = v**3 + 4*v**2 + 2*v. Let f be r(-3). What is the remainder when 53 is divided by (-21)/((f/2)/(-1))?
11
Let l = 56 + -26. What is the remainder when 59 is divided by l?
29
Let r(n) = n**2 + 2*n + 2. Let x be r(-2). Let s(i) = 2*i**2 - 3*i. Let k be s(2). Suppose 4 = x*j + k*j. Calculate the remainder when j is divided by 1.
0
Suppose 3*g = -2*g + d - 25, 2*d + 28 = -3*g. What is the remainder when g/(-9) - 56/(-6) is divided by 4?
2
Suppose -115 = -5*s + 40. Calculate the remainder when s is divided by 8.
7
Let l = 18 + -15. Suppose -5*x + 7 = 3*i, -i - 3 = -5*x + 8. Suppose -x*m - l*b = m - 60, 3*m = -4*b + 60. Calculate the remainder when m is divided by 7.
6
Let v = -147 + 174. Calculate the remainder when v is divided by 17.
10
Suppose -2*f - 3*f + 7 = -4*i, -2*f + 2*i = -2. Let n(a) = -10*a + 1. Calculate the remainder when n(-1) is divided by f.
2
Let a(u) = -73*u**3 + 2*u**2 + 3*u + 1. What is the remainder when a(-1) is divided by 15?
13
Let g = -1 + 25. Let x(a) = -a**2 - 5*a + 5. Let k be x(-5). Suppose 5*s = -k*z + 85, -2*z - 2 + 10 = 0. What is the remainder when g is divided by s?
11
Suppose 8*u - 164 = 4*u. Let x = -20 + u. Calculate the remainder when x is divided by 12.
9
Let j(h) = 23*h**2 + 10*h + 9. What is the remainder when 128 is divided by j(-1)?
18
Suppose 5*r - 3*x - 758 = 0, -x - 3*x = r - 147. Suppose -43 = 2*n - r. What is the remainder when n is divided by 14?
12
Let h = 117 - 62. Suppose -5*f - 1 = -16. Suppose -48 = -f*a - 3*b, 4*a - 44 = 5*b + 47. Calculate the remainder when h is divided by a.
17
What is the remainder when 45 is divided by 12/8*14/12*8?
3
Let l = 18 + 1. Suppose -4*s - 8 = 0, -2*p - s - 206 = -4*p. Let g = p + -65. What is the remainder when g is divided by l?
18
Let f(m) = 6*m**2 + 3*m - 4. What is the remainder when 23 is divided by f(1)?
3
Suppose v - 84 = -2*v. Calculate the remainder when (-1)/((-5)/v)*10 is divided by 19.
18
What is the remainder when ((-36)/(-27))/(1/3) is divided by 3?
1
Suppose -3*c + 23 + 4 = 0. What is the remainder when 28 + 5 + (3 - 12) is divided by c?
6
Suppose 32 = 5*o - o. Calculate the remainder when 35 is divided by o.
3
Suppose -2*a + 7*a = 0. Suppose 3*n - 57 = -a*n. Calculate the remainder when n is divided by (-30)/120 - (-82)/8.
9
Let g(j) = -2*j. Let c be g(-1). Let s = 5 + c. Calculate the remainder when (2/(-2))/(1/(-13)) is divided by s.
6
Let o(c) = -c**2 + 12*c + 8. Calculate the remainder when o(9) is divided by 19.
16
Suppose -27*g = -29*g + 10. Let c = -8 + 17. Suppose d - 4*d + c = 0. Calculate the remainder when g is divided by d.
2
Calculate the remainder when 9 is divided by 52/14 + 8/28.
1
Let r(k) = k**3 - 6*k**2 + 5*k + 2. Let l be r(5). Suppose 4*i = -z - 0 + 2, -2*z + 3*i + 48 = 0. Calculate the remainder when 68/l*(2 - 1) is divided by z.
16
Suppose -12 = -4*d, 4*s + 2*d = 3*d + 121. Suppose -3*v - 2 = -8. Calculate the remainder when ((v - 1) + 0)*s is divided by 11.
9
Let f = -16 + 31. What is the remainder when 58 is divided by f?
13
What is the remainder when 37 is divided by ((-2)/(-6))/(-1)*-57?
18
Suppose 0*z = -4*z - 4*o, -5*z + 2*o + 35 = 0. Suppose 6 = -z*c + 51. What is the remainder when 26 is divided by c?
8
Suppose 5*q - 8*q + 6 = 0. Suppose -2*v + 108 = v. Suppose -48 = -2*s - 2*p, 7*p - q*p = s - v. Calculate the remainder when s is divided by 14.
12
Suppose 4*t - 10 = 114. Let z = 62 + -21. Let v = -25 + z. Calculate the remainder when t is divided by v.
15
Let p(g) = g**3 + 8*g**2 - 11*g - 9. Suppose 0 = 3*q - 15, 3*a + 2*q = 56 + 53. Calculate the remainder when a is divided by p(-9).
6
Suppose o = 2*l - 7, -5*o - 6*l + 5*l + 20 = 0. What is the remainder when 35 is divided by 13 + ((-2)/(-1) - o)?
11
Let h = 60 + -15. Calculate the remainder when h is divided by 23.
22
Suppose 0 = -j + 6*j + 4*t + 4, t + 1 = j. Let n = 22 + j. What is the remainder when n is divided by 12?
10
What is the remainder when ((-28)/(-5))/(16/40) is divided by 8?
6
Let o(h) = -2*h - 10. Let x be o(-7). Suppose -2*m + 29 = -5*v, -4*v + x = 4*m - 12. Calculate the remainder when m is divided by 4.
3
Suppose 3*x + 1 = -u + 5*u, -2*x + 2*u = -2. Calculate the remainder when 10 is divided by x.
0
Let f(s) = -s**2 + 9*s - 5. Let j be f(6). Suppose 0 = g - j - 16. Calculate the remainder when g is divided by 15.
14
Suppose 3*o - 4*b = b + 12, 4*b - 39 = -3*o. Suppose s - 9 = 3*g, -2*s - g + 17 = -6*g. Calculate the remainder when o is divided by s.
3
Let x = 24 + -12. Calculate the remainder when 43 is divided by x.
7
Let k = -4 + 24. What is the remainder when 57 is divided by k?
17
Let q = -61 - -130. What is the remainder when q is divided by 24?
21
Let f(r) = -3*r + 39. Calculate the remainder when f(5) is divided by 9.
6
Let x = -12 - -17. Suppose -2*u + 4*u - 26 = 0. What is the remainder when u is divided by x?
3
Suppose -4*z = -2*z - 18. Suppose -3*f + 6*f + z = 0. Calculate the remainder when 1/((-1)/f) + -1 is divided by 2.
0
Let k = -1 + 10. Let b(n) = n - 1. What is the remainder when k is divided by b(5)?
1
Let t(h) = 168*h**2 + 7. Let s(r) = -r**2 - 1. Let c(f) = 7*s(f) + t(f). Let d be c(-1). Let a = -103 + d. What is the remainder when a is divided by 15?
13
Suppose b - 4*b = -21. Suppose -j + b = 3*v, 3 + 3 = 2*v + 2*j. What is the remainder when 9 is divided by v?
